{"id":59,"date":"2024-09-16T21:07:10","date_gmt":"2024-09-16T19:07:10","guid":{"rendered":"https:\/\/lyutaiko.fr\/?page_id=59"},"modified":"2025-02-21T16:31:46","modified_gmt":"2025-02-21T15:31:46","slug":"repertoire-du-groupe","status":"publish","type":"page","link":"https:\/\/lyutaiko.fr\/index.php\/repertoire-du-groupe\/","title":{"rendered":"R\u00e9pertoire du groupe"},"content":{"rendered":"\n<h2 class=\"wp-block-heading\"><strong>Chansons traditionnelles<\/strong><\/h2>\n\n\n\n<p><strong>\u3076\u3061\u3042\u308f\u305b &nbsp;Buchiawase<\/strong><br>Ce&nbsp;morceau&nbsp;compos\u00e9&nbsp;sur&nbsp;la&nbsp;presqu&rsquo;\u00eele&nbsp;de&nbsp;Miura&nbsp;\u00e0&nbsp;60km&nbsp;au<br>sud&nbsp;de&nbsp;Tokyo,&nbsp;est&nbsp;jou\u00e9&nbsp;lors&nbsp;des&nbsp;f\u00eates&nbsp;traditionnelles.<br>L\u2019histoire&nbsp;voudrait&nbsp;qu\u2019autrefois&nbsp;les&nbsp;\u00e9quipages&nbsp;de&nbsp;p\u00eacheurs<br>rivalisaient&nbsp;aux&nbsp;tambours&nbsp;pour&nbsp;recevoir&nbsp;la&nbsp;b\u00e9n\u00e9diction&nbsp;des<br>dieux&nbsp;et&nbsp;obtenir&nbsp;une&nbsp;p\u00eache&nbsp;fructueuse&nbsp;aux&nbsp;bateaux&nbsp;qui<br>partaient&nbsp;en&nbsp;mer.<br>La&nbsp;chor\u00e9graphie&nbsp;de&nbsp;cette&nbsp;chanson&nbsp;adopte&nbsp;une&nbsp;technique<br>de&nbsp;frappe&nbsp;\u00e9nergique&nbsp;pour&nbsp;retranscrire&nbsp;cette&nbsp;ancienne<br>tradition.<\/p>\n\n\n\n<p><strong>\u4e09\u5b85 &nbsp;Miyake &nbsp;<\/strong><br>Morceau&nbsp;qui&nbsp;a&nbsp;\u00e9t\u00e9&nbsp;compos\u00e9&nbsp;sur&nbsp;l\u2019ile&nbsp;de&nbsp;Miyake&nbsp;(une&nbsp;des<br>\u00celes&nbsp;au&nbsp;sud&nbsp;de&nbsp;la&nbsp;p\u00e9ninsule&nbsp;d\u2019Izu,&nbsp;180km&nbsp;au&nbsp;sud&nbsp;de&nbsp;TOKYO).&nbsp;<br>On&nbsp;joue&nbsp;ce&nbsp;morceau&nbsp;au&nbsp;moment&nbsp;de&nbsp;la&nbsp;f\u00eate&nbsp;de&nbsp;\u00ab&nbsp;Gozu<br>Tenn\u014d&nbsp;Matsuri&nbsp;\u00bb&nbsp;qui&nbsp;a&nbsp;lieu&nbsp;en&nbsp;juillet.&nbsp;Gozu&nbsp;Tenn\u014d&nbsp;est&nbsp;un<br>dieu&nbsp;que&nbsp;l\u2019on&nbsp;prie&nbsp;pour&nbsp;ne&nbsp;pas&nbsp;tomber&nbsp;malade.<br>La&nbsp;particularit\u00e9&nbsp;de&nbsp;ce&nbsp;morceau&nbsp;est&nbsp;la&nbsp;posture&nbsp;des<br>musiciens.&nbsp;Deux&nbsp;joueurs&nbsp;frappent&nbsp;un&nbsp;m\u00eame&nbsp;tambour&nbsp;pos\u00e9<br>horizontalement&nbsp;au&nbsp;sol<\/p>\n\n\n\n<p><strong>\u6d77\u306e\u592a\u2fce &nbsp;Umi&nbsp;no&nbsp;Taiko&nbsp;<\/strong> &nbsp;<br>Umi&nbsp;No&nbsp;Taiko&nbsp;:&nbsp;litt\u00e9ralement&nbsp;les&nbsp;tambours&nbsp;de&nbsp;la&nbsp;mer.<br>Compos\u00e9&nbsp;par&nbsp;Dengaku\u2010za,&nbsp;un&nbsp;groupe&nbsp;form\u00e9&nbsp;en&nbsp;1964&nbsp;\u00e0<br>NAGANO.<br>C\u2019est&nbsp;une&nbsp;chanson&nbsp;pour&nbsp;encourager&nbsp;les&nbsp;p\u00eacheurs&nbsp;qui<br>partent&nbsp;en&nbsp;mer.<\/p>\n\n\n\n<p><strong>\u2f9b\u697d &nbsp;Ran<\/strong><br>Compos\u00e9&nbsp;par&nbsp;MIYAHARA&nbsp;Joe&nbsp;(leader&nbsp;du&nbsp;groupe&nbsp;de<br>tambours&nbsp;japonais&nbsp;\u00ab&nbsp;Saiho\u2010Kotengu&nbsp;\u00bb&nbsp;\u00e0&nbsp;NAGASAKI)&nbsp;&nbsp;<br>Ce&nbsp;morceau&nbsp;est&nbsp;caract\u00e9ris\u00e9&nbsp;par&nbsp;la&nbsp;mani\u00e8re&nbsp;\u00e9nergique&nbsp;de<br>frapper&nbsp;les&nbsp;tambours&nbsp;accompagn\u00e9s&nbsp;par&nbsp;une&nbsp;dance&nbsp;avec&nbsp;un<br>petit&nbsp;tambour&nbsp;\u00e0&nbsp;main&nbsp;que&nbsp;l\u2019on&nbsp;appelle&nbsp;\u201cparanku\u201d&nbsp;utilis\u00e9<br>pour&nbsp;les&nbsp;musiques&nbsp;traditionnelles&nbsp;\u201cEisa\u201d.<br>\u00ab&nbsp;Eisa&nbsp;\u00bb&nbsp;c\u2019est&nbsp;la&nbsp;fa\u00e7on&nbsp;de&nbsp;nommer&nbsp;les&nbsp;\u00ab&nbsp;Bon\u2010Odori&nbsp;\u00bb&nbsp;pour<br>les&nbsp;habitants&nbsp;de&nbsp;l\u2019archipel&nbsp;d\u2019Okinawa.&nbsp;Les&nbsp;danses&nbsp;de&nbsp;Obon,<br>les&nbsp;Bon\u2010Odori&nbsp;sont&nbsp;des&nbsp;danses&nbsp;traditionnelles&nbsp;qui&nbsp;ont&nbsp;lieu<br>en&nbsp;\u00e9t\u00e9&nbsp;dans&nbsp;tout&nbsp;le&nbsp;Japon.&nbsp;Eisa&nbsp;est&nbsp;donc&nbsp;le&nbsp;nom&nbsp;des&nbsp;Obon,<br>des&nbsp;Bon\u2010Odori&nbsp;pour&nbsp;les&nbsp;habitants&nbsp;de&nbsp;ces&nbsp;\u00eeles&nbsp;situ\u00e9es<br>1500km&nbsp;au&nbsp;sud\u2010ouest&nbsp;de&nbsp;Tokyo.&nbsp;L\u00e0\u2010bas,&nbsp;chaque&nbsp;quartier<br>organise&nbsp;un&nbsp;d\u00e9fil\u00e9&nbsp;avec&nbsp;leur&nbsp;\u00ab&nbsp;kata&nbsp;(mani\u00e8re)&nbsp;\u00bb&nbsp;de&nbsp;Eisa<br>accompagn\u00e9es&nbsp;aux&nbsp;tambours<\/p>\n\n\n\n<p><strong>\u30e4\u30e9\u30a4\u30e4 &nbsp;Yaraiya&nbsp; &nbsp;<\/strong><br>Lors&nbsp;de&nbsp;la&nbsp;pr\u00e9paration&nbsp;de&nbsp;ce&nbsp;concert&nbsp;nous&nbsp;tenions&nbsp;\u00e0&nbsp;donner<br>une&nbsp;dimension&nbsp;culturelle&nbsp;compl\u00e8te&nbsp;en&nbsp;donnant&nbsp;au&nbsp;public<br>des&nbsp;d\u00e9tails&nbsp;sur&nbsp;les&nbsp;morceaux&nbsp;que&nbsp;nous&nbsp;vous&nbsp;interpr\u00e9tons.<br>Mais&nbsp;comme&nbsp;les&nbsp;tambours&nbsp;Japonais&nbsp;d\u2019aujourd\u2019hui&nbsp;m\u00e9lange<br>des&nbsp;compositions&nbsp;r\u00e9centes&nbsp;\u00e0&nbsp;des&nbsp;compositions<br>traditionnelles,&nbsp;il&nbsp;est&nbsp;parfois&nbsp;difficile&nbsp;de&nbsp;retrouver<br>compl\u00e9tement&nbsp;l\u2019historique&nbsp;de&nbsp;certains&nbsp;morceaux.<br>Yaraiya&nbsp;que&nbsp;nous&nbsp;allons&nbsp;maintenant&nbsp;vous&nbsp;interpr\u00e9ter&nbsp;fait<br>partie&nbsp;de&nbsp;ceux\u2010l\u00e0&nbsp; \uf04a&nbsp;C\u2019est&nbsp;difficile&nbsp;de&nbsp;savoir&nbsp;exactement&nbsp;qui<br>l\u2019a&nbsp;compos\u00e9.&nbsp;Il&nbsp;s\u2019agit&nbsp;d\u2019une&nbsp;chanson&nbsp;qui&nbsp;vient&nbsp;de&nbsp;la&nbsp;r\u00e9gion<br>de&nbsp;TOTTORI,&nbsp;500km&nbsp;\u00e0&nbsp;l\u2019ouest&nbsp;de&nbsp;Tokyo.<br>En&nbsp;dialecte&nbsp;de&nbsp;la&nbsp;r\u00e9gion&nbsp;TOTTORI,&nbsp;Yaraiya&nbsp;veut&nbsp;dire<br>\u201cFaisons\u2010le&nbsp;!\u201d.<\/p>\n\n\n\n<p><strong>\u592a\u2fce\u3070\u3084\u3057 &nbsp;Taiko&nbsp;Bayashi <\/strong>&nbsp;<br>Alors,&nbsp;Ta\u00efko&nbsp;Bayashi&nbsp;fait&nbsp;partie&nbsp;de&nbsp;ses&nbsp;morceaux&nbsp;compos\u00e9s<br>par&nbsp;Dengaku\u2010za&nbsp;(comme&nbsp;Umi&nbsp;No&nbsp;Ta\u00efko),&nbsp;une&nbsp;formation&nbsp;qui<br>existe&nbsp;depuis&nbsp;1964&nbsp;maintenant&nbsp;et&nbsp;qui&nbsp;vient&nbsp;de&nbsp;la&nbsp;ville&nbsp;de<br>NAGANO&nbsp;200km&nbsp;au&nbsp;nord\u2010ouest&nbsp;de&nbsp;Tokyo.&nbsp;Dengaku\u2010za&nbsp;a<br>recueilli&nbsp;beaucoup&nbsp;de&nbsp;morceaux&nbsp;traditionnels&nbsp;qui<br>proviennent&nbsp;de&nbsp;toutes&nbsp;les&nbsp;r\u00e9gions&nbsp;du&nbsp;Japon.<br>Cette&nbsp;chanson&nbsp;Ta\u00efko&nbsp;Bayashi&nbsp;fait&nbsp;partie&nbsp;de&nbsp;ces&nbsp;morceaux<br>o\u00f9&nbsp;les&nbsp;Ta\u00efkokas,&nbsp;les&nbsp;joueurs&nbsp;de&nbsp;ta\u00efko,&nbsp;se&nbsp;partagent&nbsp;un<br>m\u00eame&nbsp;tambour&nbsp;dans&nbsp;une&nbsp;danse&nbsp;toujours&nbsp;plus&nbsp;rapide.<\/p>\n\n\n\n<p>Mais aussi<\/p>\n\n\n\n<ul class=\"wp-block-list\">\n<li><strong>Tsuyoku Yowaku<\/strong><\/li>\n\n\n\n<li><strong>Natsu Matsuri<\/strong><\/li>\n\n\n\n<li><strong>Yuzuru<\/strong><\/li>\n\n\n\n<li><strong>Sakura Sakura<\/strong><\/li>\n\n\n\n<li><strong>Tanko Bushi<\/strong><\/li>\n\n\n\n<li><strong>&#8230;<\/strong><\/li>\n<\/ul>\n\n\n\n<div class=\"wp-block-group is-layout-constrained wp-block-group-is-layout-constrained\">\n<h2 class=\"wp-block-heading\"><strong>Chansons Ghibli<\/strong><\/h2>\n\n\n\n<ul class=\"wp-block-list\">\n<li><strong>Mononoke Hime<\/strong><\/li>\n\n\n\n<li><strong>Tonari no Totoro<\/strong><\/li>\n\n\n\n<li><strong>Sanpo<\/strong><\/li>\n\n\n\n<li><strong>Sen to Chihiro no Kamikabushi<\/strong><\/li>\n<\/ul>\n<\/div>\n\n\n\n<p><\/p>\n","protected":false},"excerpt":{"rendered":"<p>Chansons traditionnelles \u3076\u3061\u3042\u308f\u305b &nbsp;BuchiawaseCe&nbsp;morceau&nbsp;compos\u00e9&nbsp;sur&nbsp;la&nbsp;presqu&rsquo;\u00eele&nbsp;de&nbsp;Miura&nbsp;\u00e0&nbsp;60km&nbsp;ausud&nbsp;de&nbsp;Tokyo,&nbsp;est&nbsp;jou\u00e9&nbsp;lors&nbsp;des&nbsp;f\u00eates&nbsp;traditionnelles.L\u2019histoire&nbsp;voudrait&nbsp;qu\u2019autrefois&nbsp;les&nbsp;\u00e9quipages&nbsp;de&nbsp;p\u00eacheursrivalisaient&nbsp;aux&nbsp;tambours&nbsp;pour&nbsp;recevoir&nbsp;la&nbsp;b\u00e9n\u00e9diction&nbsp;desdieux&nbsp;et&nbsp;obtenir&nbsp;une&nbsp;p\u00eache&nbsp;fructueuse&nbsp;aux&nbsp;bateaux&nbsp;quipartaient&nbsp;en&nbsp;mer.La&nbsp;chor\u00e9graphie&nbsp;de&nbsp;cette&nbsp;chanson&nbsp;adopte&nbsp;une&nbsp;techniquede&nbsp;frappe&nbsp;\u00e9nergique&nbsp;pour&nbsp;retranscrire&nbsp;cette&nbsp;anciennetradition. \u4e09\u5b85 &nbsp;Miyake &nbsp;Morceau&nbsp;qui&nbsp;a&nbsp;\u00e9t\u00e9&nbsp;compos\u00e9&nbsp;sur&nbsp;l\u2019ile&nbsp;de&nbsp;Miyake&nbsp;(une&nbsp;des\u00celes&nbsp;au&nbsp;sud&nbsp;de&nbsp;la&nbsp;p\u00e9ninsule&nbsp;d\u2019Izu,&nbsp;180km&nbsp;au&nbsp;sud&nbsp;de&nbsp;TOKYO).&nbsp;On&nbsp;joue&nbsp;ce&nbsp;morceau&nbsp;au&nbsp;moment&nbsp;de&nbsp;la&nbsp;f\u00eate&nbsp;de&nbsp;\u00ab&nbsp;GozuTenn\u014d&nbsp;Matsuri&nbsp;\u00bb&nbsp;qui&nbsp;a&nbsp;lieu&nbsp;en&nbsp;juillet.&nbsp;Gozu&nbsp;Tenn\u014d&nbsp;est&nbsp;undieu&nbsp;que&nbsp;l\u2019on&nbsp;prie&nbsp;pour&nbsp;ne&nbsp;pas&nbsp;tomber&nbsp;malade.La&nbsp;particularit\u00e9&nbsp;de&nbsp;ce&nbsp;morceau&nbsp;est&nbsp;la&nbsp;posture&nbsp;desmusiciens.&nbsp;Deux&nbsp;joueurs&nbsp;frappent&nbsp;un&nbsp;m\u00eame&nbsp;tambour&nbsp;pos\u00e9horizontalement&nbsp;au&nbsp;sol \u6d77\u306e\u592a\u2fce &nbsp;Umi&nbsp;no&nbsp;Taiko&nbsp; &nbsp;Umi&nbsp;No&nbsp;Taiko&nbsp;:&nbsp;litt\u00e9ralement&nbsp;les&nbsp;tambours&nbsp;de&nbsp;la&nbsp;mer.Compos\u00e9&nbsp;par&nbsp;Dengaku\u2010za,&nbsp;un&nbsp;groupe&nbsp;form\u00e9&nbsp;en&nbsp;1964&nbsp;\u00e0NAGANO.C\u2019est&nbsp;une&nbsp;chanson&nbsp;pour&nbsp;encourager&nbsp;les&nbsp;p\u00eacheurs&nbsp;quipartent&nbsp;en&nbsp;mer. \u2f9b\u697d &nbsp;RanCompos\u00e9&nbsp;par&nbsp;MIYAHARA&nbsp;Joe&nbsp;(leader&nbsp;du&nbsp;groupe&nbsp;detambours&nbsp;japonais&nbsp;\u00ab&nbsp;Saiho\u2010Kotengu&nbsp;\u00bb&nbsp;\u00e0&nbsp;NAGASAKI)&nbsp;&nbsp;Ce&nbsp;morceau&nbsp;est&nbsp;caract\u00e9ris\u00e9&nbsp;par&nbsp;la&nbsp;mani\u00e8re&nbsp;\u00e9nergique&nbsp;defrapper&nbsp;les&nbsp;tambours&nbsp;accompagn\u00e9s&nbsp;par&nbsp;une&nbsp;dance&nbsp;avec&nbsp;unpetit&nbsp;tambour&nbsp;\u00e0&nbsp;main&nbsp;que&nbsp;l\u2019on&nbsp;appelle&nbsp;\u201cparanku\u201d&nbsp;utilis\u00e9pour&nbsp;les&nbsp;musiques&nbsp;traditionnelles&nbsp;\u201cEisa\u201d.\u00ab&nbsp;Eisa&nbsp;\u00bb&nbsp;c\u2019est&nbsp;la&nbsp;fa\u00e7on&nbsp;de&nbsp;nommer&nbsp;les&nbsp;\u00ab&nbsp;Bon\u2010Odori&nbsp;\u00bb&nbsp;pourles&nbsp;habitants&nbsp;de&nbsp;l\u2019archipel&nbsp;d\u2019Okinawa.&nbsp;Les&nbsp;danses&nbsp;de&nbsp;Obon,les&nbsp;Bon\u2010Odori&nbsp;sont&nbsp;des&nbsp;danses&nbsp;traditionnelles&nbsp;qui&nbsp;ont&nbsp;lieuen&nbsp;\u00e9t\u00e9&nbsp;dans&nbsp;tout&nbsp;le&nbsp;Japon.&nbsp;Eisa&nbsp;est&nbsp;donc&nbsp;le&nbsp;nom&nbsp;des&nbsp;Obon,des&nbsp;Bon\u2010Odori&nbsp;pour&nbsp;les&nbsp;habitants&nbsp;de&nbsp;ces&nbsp;\u00eeles&nbsp;situ\u00e9es1500km&nbsp;au&nbsp;sud\u2010ouest&nbsp;de&nbsp;Tokyo.&nbsp;L\u00e0\u2010bas,&nbsp;chaque&nbsp;quartierorganise&nbsp;un&nbsp;d\u00e9fil\u00e9&nbsp;avec&nbsp;leur&nbsp;\u00ab&nbsp;kata&nbsp;(mani\u00e8re)&nbsp;\u00bb&nbsp;de&nbsp;Eisaaccompagn\u00e9es&nbsp;aux&nbsp;tambours \u30e4\u30e9\u30a4\u30e4 &nbsp;Yaraiya&nbsp; &nbsp;Lors&nbsp;de&nbsp;la&nbsp;pr\u00e9paration&nbsp;de&nbsp;ce&nbsp;concert&nbsp;nous&nbsp;tenions&nbsp;\u00e0&nbsp;donnerune&nbsp;dimension&nbsp;culturelle&nbsp;compl\u00e8te&nbsp;en&nbsp;donnant&nbsp;au&nbsp;publicdes&nbsp;d\u00e9tails&nbsp;sur&nbsp;les&nbsp;morceaux&nbsp;que&nbsp;nous&nbsp;vous&nbsp;interpr\u00e9tons.Mais&nbsp;comme&nbsp;les&nbsp;tambours&nbsp;Japonais&nbsp;d\u2019aujourd\u2019hui&nbsp;m\u00e9langedes&nbsp;compositions&nbsp;r\u00e9centes&nbsp;\u00e0&nbsp;des&nbsp;compositionstraditionnelles,&nbsp;il&nbsp;est&nbsp;parfois&nbsp;difficile&nbsp;de&nbsp;retrouvercompl\u00e9tement&nbsp;l\u2019historique&nbsp;de&nbsp;certains&nbsp;morceaux.Yaraiya&nbsp;que&nbsp;nous&nbsp;allons&nbsp;maintenant&nbsp;vous&nbsp;interpr\u00e9ter&nbsp;faitpartie&nbsp;de&nbsp;ceux\u2010l\u00e0&nbsp; \uf04a&nbsp;C\u2019est&nbsp;difficile&nbsp;de&nbsp;savoir&nbsp;exactement&nbsp;quil\u2019a&nbsp;compos\u00e9.&nbsp;Il&nbsp;s\u2019agit&nbsp;d\u2019une&nbsp;chanson&nbsp;qui&nbsp;vient&nbsp;de&nbsp;la&nbsp;r\u00e9gionde&nbsp;TOTTORI,&nbsp;500km&nbsp;\u00e0&nbsp;l\u2019ouest&nbsp;de&nbsp;Tokyo.En&nbsp;dialecte&nbsp;de&nbsp;la&nbsp;r\u00e9gion&nbsp;TOTTORI,&nbsp;Yaraiya&nbsp;veut&nbsp;dire\u201cFaisons\u2010le&nbsp;!\u201d. \u592a\u2fce\u3070\u3084\u3057 &nbsp;Taiko&nbsp;Bayashi &nbsp;Alors,&nbsp;Ta\u00efko&nbsp;Bayashi&nbsp;fait&nbsp;partie&nbsp;de&nbsp;ses&nbsp;morceaux&nbsp;compos\u00e9spar&nbsp;Dengaku\u2010za&nbsp;(comme&nbsp;Umi&nbsp;No&nbsp;Ta\u00efko),&nbsp;une&nbsp;formation&nbsp;quiexiste&nbsp;depuis&nbsp;1964&nbsp;maintenant&nbsp;et&nbsp;qui&nbsp;vient&nbsp;de&nbsp;la&nbsp;ville&nbsp;deNAGANO&nbsp;200km&nbsp;au&nbsp;nord\u2010ouest&nbsp;de&nbsp;Tokyo.&nbsp;Dengaku\u2010za&nbsp;arecueilli&nbsp;beaucoup&nbsp;de&nbsp;morceaux&nbsp;traditionnels&nbsp;quiproviennent&nbsp;de&nbsp;toutes&nbsp;les&nbsp;r\u00e9gions&nbsp;du&nbsp;Japon.Cette&nbsp;chanson&nbsp;Ta\u00efko&nbsp;Bayashi&nbsp;fait&nbsp;partie&nbsp;de&nbsp;ces&nbsp;morceauxo\u00f9&nbsp;les&nbsp;Ta\u00efkokas,&nbsp;les&nbsp;joueurs&nbsp;de&nbsp;ta\u00efko,&nbsp;se&nbsp;partagent&nbsp;unm\u00eame&nbsp;tambour&nbsp;dans&nbsp;une&nbsp;danse&nbsp;toujours&nbsp;plus&nbsp;rapide. Mais aussi Chansons Ghibli<\/p>\n","protected":false},"author":1,"featured_media":0,"parent":0,"menu_order":0,"comment_status":"closed","ping_status":"closed","template":"","meta":{"footnotes":""},"class_list":["post-59","page","type-page","status-publish","hentry"],"_links":{"self":[{"href":"https:\/\/lyutaiko.fr\/index.php\/wp-json\/wp\/v2\/pages\/59","targetHints":{"allow":["GET"]}}],"collection":[{"href":"https:\/\/lyutaiko.fr\/index.php\/wp-json\/wp\/v2\/pages"}],"about":[{"href":"https:\/\/lyutaiko.fr\/index.php\/wp-json\/wp\/v2\/types\/page"}],"author":[{"embeddable":true,"href":"https:\/\/lyutaiko.fr\/index.php\/wp-json\/wp\/v2\/users\/1"}],"replies":[{"embeddable":true,"href":"https:\/\/lyutaiko.fr\/index.php\/wp-json\/wp\/v2\/comments?post=59"}],"version-history":[{"count":4,"href":"https:\/\/lyutaiko.fr\/index.php\/wp-json\/wp\/v2\/pages\/59\/revisions"}],"predecessor-version":[{"id":126,"href":"https:\/\/lyutaiko.fr\/index.php\/wp-json\/wp\/v2\/pages\/59\/revisions\/126"}],"wp:attachment":[{"href":"https:\/\/lyutaiko.fr\/index.php\/wp-json\/wp\/v2\/media?parent=59"}],"curies":[{"name":"wp","href":"https:\/\/api.w.org\/{rel}","templated":true}]}}